
Is 2674 a multiple of 3?
False
Does 17 divide 1411?
True
Is 28 a factor of 28?
True
Does 51 divide 17372?
False
Is 17 a factor of 6651?
False
Is 777 a multiple of 37?
True
Is 13645 a multiple of 34?
False
Is 105 a factor of 39480?
True
Does 11 divide 40052?
False
Does 160 divide 29596?
False
Is 4 a factor of 179?
False
Is 940 a multiple of 3?
False
Is 24 a factor of 31055?
False
Is 6 a factor of 1152?
True
Is 83237 a multiple of 85?
False
Is 446 a multiple of 4?
False
Is 3635 a multiple of 94?
False
Does 2 divide 343?
False
Is 12 a factor of 432?
True
Does 49 divide 10034?
False
Does 3 divide 888?
True
Does 28 divide 74424?
True
Does 184 divide 3655?
False
Is 46914 a multiple of 21?
True
Is 1314 a multiple of 18?
True
Is 224 a factor of 6272?
True
Does 94 divide 746?
False
Is 2423 a multiple of 9?
False
Does 4 divide 236?
True
Is 5262 a multiple of 12?
False
Is 9 a factor of 34056?
True
Is 456 a multiple of 8?
True
Is 403 a multiple of 11?
False
Is 280 a multiple of 3?
False
Is 342 a multiple of 37?
False
Is 170 a multiple of 10?
True
Is 139 a factor of 3892?
True
Is 16 a factor of 5344?
True
Does 31 divide 591?
False
Is 2990 a multiple of 65?
True
Does 6 divide 21?
False
Does 118 divide 6351?
False
Is 9 a factor of 11016?
True
Does 25 divide 500?
True
Is 16 a factor of 8016?
True
Is 21 a factor of 4898?
False
Is 2033 a multiple of 12?
False
Is 66 a factor of 6996?
True
Does 20 divide 9500?
True
Does 327 divide 54936?
True
Is 31 a factor of 124?
True
Is 14 a factor of 8050?
True
Is 573 a multiple of 6?
False
Is 2961 a multiple of 25?
False
Is 8 a factor of 520?
True
Is 2240 a multiple of 28?
True
Is 85231 a multiple of 8?
False
Is 1967 a multiple of 8?
False
Is 728 a multiple of 26?
True
Does 15 divide 9803?
False
Is 22 a factor of 1056?
True
Is 77 a factor of 20911?
False
Is 10 a factor of 1161?
False
Is 104 a factor of 2600?
True
Is 36 a multiple of 36?
True
Is 13 a factor of 12163?
False
Does 17 divide 2414?
True
Is 847 a multiple of 12?
False
Does 7 divide 6622?
True
Does 6 divide 5046?
True
Is 247 a multiple of 9?
False
Is 18 a factor of 2612?
False
Does 6 divide 402?
True
Is 4873 a multiple of 18?
False
Does 11 divide 18561?
False
Is 116 a factor of 15892?
True
Does 54 divide 3672?
True
Is 82765 a multiple of 250?
False
Does 168 divide 6384?
True
Is 9 a factor of 28008?
True
Does 24 divide 2448?
True
Is 994 a multiple of 67?
False
Is 36 a factor of 108?
True
Does 28 divide 1781?
False
Is 75 a factor of 6075?
True
Is 341 a multiple of 31?
True
Does 196 divide 90944?
True
Does 4 divide 503?
False
Does 11 divide 22698?
False
Does 23 divide 227?
False
Does 5 divide 21610?
True
Is 10418 a multiple of 9?
False
Is 28 a factor of 2604?
True
Does 5 divide 885?
True
Is 71 a factor of 1105?
False
Is 6230 a multiple of 89?
True
Is 2094 a multiple of 47?
False
Is 6 a factor of 3678?
True
Is 9915 a multiple of 3?
True
Is 2 a factor of 8?
True
Is 12 a factor of 414?
False
Is 64 a factor of 1429?
False
Is 17 a factor of 578?
True
Does 7 divide 18?
False
Does 46 divide 460?
True
Does 80 divide 16992?
False
Is 14 a factor of 59?
False
Is 67 a factor of 913?
False
Is 18 a factor of 1405?
False
Does 24 divide 28113?
False
Does 21 divide 441?
True
Does 4 divide 728?
True
Does 47 divide 3525?
True
Is 11 a factor of 44064?
False
Is 1280 a multiple of 16?
True
Does 16 divide 1136?
True
Does 60 divide 8100?
True
Is 21 a factor of 336?
True
Does 24 divide 2736?
True
Is 9 a factor of 90?
True
Is 14 a factor of 266?
True
Is 1485 a multiple of 9?
True
Does 19 divide 4940?
True
Does 78 divide 3202?
False
Is 5 a factor of 396?
False
Is 27 a factor of 5481?
True
Does 87 divide 2570?
False
Is 2 a factor of 148?
True
Is 126 a multiple of 2?
True
Is 2175 a multiple of 6?
False
Does 111 divide 5463?
False
Is 33 a factor of 396?
True
Does 17 divide 19822?
True
Is 8 a factor of 7815?
False
Does 77 divide 5347?
False
Is 24926 a multiple of 242?
True
Is 668 a multiple of 5?
False
Is 39 a factor of 18135?
True
Does 18 divide 96?
False
Is 2873 a multiple of 64?
False
Is 4482 a multiple of 9?
True
Does 48 divide 2317?
False
Does 26 divide 364?
True
Does 16 divide 2176?
True
Is 927 a multiple of 56?
False
Does 59 divide 1416?
True
Is 20 a factor of 24680?
True
Is 6 a factor of 710?
False
Does 8 divide 709?
False
Is 5095 a multiple of 104?
False
Is 332 a multiple of 4?
True
Is 31 a factor of 666?
False
Is 15 a factor of 1017?
False
Is 25 a factor of 193?
False
Is 1410 a multiple of 47?
True
Is 198 a multiple of 22?
True
Is 328 a multiple of 25?
False
Does 5 divide 2747?
False
Is 24804 a multiple of 200?
False
Is 640 a multiple of 16?
True
Is 13 a factor of 176?
False
Is 24 a factor of 864?
True
Is 204 a multiple of 3?
True
Is 10 a factor of 31484?
False
Is 71 a factor of 10011?
True
Does 13 divide 91492?
False
Is 243 a multiple of 9?
True
Does 7 divide 7?
True
Does 33 divide 242?
False
Is 21 a factor of 38577?
True
Is 4281 a multiple of 7?
False
Is 14623 a multiple of 7?
True
Is 10664 a multiple of 124?
True
Does 45 divide 1967?
False
Is 8 a factor of 378?
False
Is 17 a factor of 4598?
False
Does 16 divide 7776?
True
Does 14 divide 518?
True
Is 31 a factor of 1023?
True
Is 12554 a multiple of 160?
False
Is 75 a factor of 9118?
False
Is 36025 a multiple of 55?
True
Is 19 a factor of 61897?
False
Is 7276 a multiple of 25?
False
Is 20 a factor of 20800?
True
Is 13071 a multiple of 3?
True
Is 19 a factor of 6346?
True
Is 42 a factor of 3276?
True
Is 2400 a multiple of 25?
True
Is 7 a factor of 2075?
False
Does 3 divide 135?
True
Is 728 a multiple of 14?
True
Does 28 divide 42930?
False
Is 1487 a multiple of 35?
False
Is 161 a multiple of 87?
False
Is 5 a factor of 590?
True
Is 5 a factor of 605?
True
Does 29 divide 1019?
False
Is 246 a multiple of 41?
True
Does 30 divide 963?
False
Is 7 a factor of 271?
False
Does 15 divide 766?
False
Is 11895 a multiple of 6?
False
Does 48 divide 1288?
False
Does 10 divide 5598?
False
Does 4 divide 22?
False
Is 20 a factor of 4760?
True
Does 2 divide 5280?
True
Is 6 a factor of 540?
True
Is 27 a factor of 467?
False
Is 9 a factor of 161?
False
Does 76 divide 14060?
True
Is 80 a multiple of 5?
True
Is 12 a factor of 2721?
False
Does 70 divide 141236?
False
Is 43 a factor of 1345?
False
Is 32 a factor of 14912?
True
Is 36670 a multiple of 13?
False
Does 5 divide 8?
False
Does 10 divide 3290?
True
Does 17 divide 1295?
False
Is 18350 a multiple of 50?
True
Is 138 a multiple of 4?
False
Is 738 a multiple of 23?
False
Is 20 a factor of 4302?
False
Is 5 a factor of 812?
False
Is 2145 a multiple of 11?
True
Is 40 a factor of 3280?
True
Is 3154 a multiple of 83?
True
Does 30 divide 1050?
True
Is 26 a factor of 1297?
False
Does 17 divide 409?
False
Does 7 divide 1022?
True
Is 252 a multiple of 12?
True
Does 5 divide 365?
True
Is 30 a factor of 2070?
True
Is 10472 a multiple of 56?
True
Is 85410 a multiple of 365?
True
Is 14 a factor of 59?
False
Is 26 a factor of 1144?
True
Is 6106 a multiple of 12?
False
Does 32 divide 204?
False
Is 6 a factor of 156?
True
Does 5 divide 432?
False
Does 304 divide 18544?
True
Does 151 divide 91722?
False
Is 30 a multiple of 15?
True
Is 136 a factor of 6460?
False
Does 86 divide 1301?
False
Is 389 a multiple of 6?
False
Is 3 a factor of 260?
False
Does 12 divide 3312?
True
Is 288 a factor of 153640?
False
Is 21 a factor of 15825?
False
Is 33850 a multiple of 10?
True
Is 13 a factor of 1208?
False
Is 8200 a multiple of 20?
True
Does 13 divide 13121?
False
Does 30 divide 69000?
True
Does 10 divide 1450?
True
Is 16 a factor of 8912?
True
Is 174 a multiple of 29?
True
Does 24 divide 33144?
True
Is 1593 a multiple of 6?
False
Is 53227 a multiple of 202?
False
Does 55 divide 8957?
False
Is 41 a factor of 12546?
True
Is 74 a factor of 3926?
False
Does 14 divide 5110?
True
Does 21 divide 192?
False
Is 18935 a multiple of 4?
False
Is 1680 a multiple of 48?
True
Is 131 a multiple of 7?
False
Does 14 divide 3917?
False
Is 5080 a multiple of 127?
True
Is 58 a factor of 35327?
False
Is 17072 a multiple of 11?
True
Does 5 divide 8804?
False
Is 7 a factor of 1330?
True
Is 2601 a multiple of 3?
True
Does 5 divide 13457?
False
Does 6 divide 42?
True
Is 34881 a multiple of 231?
True
Is 163 a factor of 14688?
False
Is 8987 a multiple of 54?
